t is the value of -7 + 4 + 10 + 39 + -23 + 6?
29
What is the value of 3 + (12 + -6 - 7) - (29 + -12)?
-15
What is -7 + (-2 - (-2 - (6 - 6)))?
-7
What is the value of (3 - 6 - (-7 + 4)) + 65 + -71?
-6
What is 0 + -6 + (89 - 111) + 10?
-18
Calculate -6 + 13 - (6 - -9 - 8).
0
(-33 - 0 - (-148 - -135)) + 10
-10
-31 + 14 + 0 + 18
1
What is 3 - 4 - (7 + -1) - 2?
-9
8 - (11 + -5 - (0 + 1))
3
Evaluate -5 - (5 + -3 + -4) - (-43 + 48).
-8
What is -10 + 20 + -18 + 3 + 2?
-3
Calculate 10 + -33 + (-3 - -16) + 30 + -1.
19
Calculate (-4 - 1) + (2 - (26 + -18 + -7)).
-4
Evaluate -3 + -6 - (0 - -3).
-12
-4 + -4 + 2 - (-10 - (77 + -78))
3
What is the value of 7 + (-1 - 2) + -45 + 40?
-1
What is the value of 11 + 2 + -6 - (-4 + 13)?
-2
What is the value of -15 + 26 + -11 + -10?
-10
Calculate -14 + 14 + 16 + 1.
17
What is the value of -5 + -3 + (1 - 0) - (7 - 33)?
19
What is the value of (18 - -10) + (-13 - -7) + -2 + 9?
29
What is (-5 - (10 - (4 + 3)) - -10) + 17?
19
What is (1 - -1) + -8 + (4 - 2 - 4)?
-8
What is the value of -28 + -16 + -10 + 51?
-3
What is (-8 - (-2 - (8 - 6) - -8)) + -1?
-13
What is the value of -5 - (0 - -1 - -2) - (1 - -1)?
-10
-19 + (1 - -13) + 8
3
What is -98 + (10 - -35) + 26?
-27
-3 - (13 + (-38 - -11)) - -10
21
Evaluate (13 - -1) + (12 - (28 - 12)).
10
Evaluate -38 - ((-11 - -7) + -15).
-19
What is the value of (-15 + -16 - -40) + -26?
-17
Evaluate -10 + (-10 - (-14 + -4 - 6)).
4
What is the value of 20 - 23 - (0 - 0 - (0 - 4))?
-7
Calculate 4 + (-7 - 3 - -19) + -6.
7
-6 + (10 - 18) + -4 + -1
-19
What is the value of (-42 - -2) + (165 - 142)?
-17
Calculate 0 - 1 - (3 + (-5 - -4)) - 5.
-8
Calculate (-10 - (33 + -43)) + 16.
16
-631 - -618 - (1 - 1)
-13
6 - (8 - 13 - -16)
-5
Evaluate 0 - (-3 + (-1 - 3) - (2 + 4)).
13
Calculate -2 + (-15 - 0) - (62 - 72) - 1.
-8
What is -59 - (-6 - 8) - -25?
-20
What is the value of -3 + -3 + (-24 - -40)?
10
5 - 20 - (-13 + 29 - 7)
-24
Calculate -5 - (2 + -11 - -2).
2
-6 + ((2 - -3) + -1 - (-7 + 10))
-5
What is the value of (-10 + -3 - -11) + 11?
9
-1 + 0 + (-61 - -59 - (1 - 2))
-2
Calculate (-11 - -16) + -8 - -12.
9
Calculate 0 - (-9 - -2) - (-1 - 9 - -26).
-9
What is (-5 - 16) + 3 - -10?
-8
Calculate 5 - 1 - (613 - 605).
-4
What is -1 + (8 + -1 - (-14 + 16)) + -20?
-16
-2 + (-2 - 6 - -6) + 10 - 15
-9
Evaluate 14 + -25 + -15 + 26.
0
Calculate (18 + 6 - 8) + -9 - 9 - -7.
5
Calculate -13 - (79 - 72 - (19 + 1)).
0
Calculate 20 + -53 - (-21 - 14).
2
What is the value of -26 - -24 - -3 - (-13 - (2 + 3))?
19
-3 - (5 - (-1 - -4))
-5
What is 0 + 0 + (-33 + -9 - -36)?
-6
Evaluate (-1 - 0) + 0 + 3 + -7 - 5.
-10
Calculate 18 - (17 - (26 + -8 - 11)).
8
Evaluate (30 - 72) + 34 + -15.
-23
Evaluate (28 - -4) + -25 + -17.
-10
Evaluate 2 + (4 - 1) + -13 - (-11 + -30).
33
Evaluate -10 - (9 + (-33 - (-4 - 4))).
6
Evaluate (24 - (-5 + 19)) + -10.
0
(9 - 21) + 24 - 1 - 23
-12
Calculate 8 - (-8 + (-1 - -1 - (40 - 45))).
11
Evaluate 30 - 9 - (11 - -17).
-7
What is 0 + -12 + 6 + 0 + -6?
-12
Evaluate 12 + -6 - ((0 - -4) + -55 + 51).
6
Evaluate (3 + -12 - -19) + -3.
7
What is the value of 22 + 9 + -13 + -8?
10
(1 + 5 - -17) + -10
13
What is the value of (-40 - -18) + (5 - 4)?
-21
What is the value of 22 - (61 - (43 - 14))?
-10
-3 + (-8 - -6 - -7 - (-2 - -2))
2
Calculate -71 + (30 - -24) - (1 + 0 + -9).
-9
What is the value of -35 - (8 + -29) - -31?
17
What is the value of -118 - -163 - (23 + 0)?
22
Evaluate 0 - -2 - (-25 + -6 + -4 + 16).
21
-2 + (-6 - -21) + (-1 - (-4 - 6))
22
What is (8 - -2) + (-6 - 5) + 2?
1
Calculate 3 + 0 + 12 - (-6 - -8 - -2).
11
Evaluate -8 - (-9 - -11) - (-8 + 1 + -18).
15
What is -4 + -6 + (-6 - (-5 + -24))?
13
What is the value of 1 + (1 - -10 - (-2 - -8)) - 2?
4
Calculate 7 - (1 - -10 - (-151 - -143)).
-12
Evaluate -22 - (6 + -38) - ((-1 - -1) + -2).
12
-11 + -26 + 32 - (1 + 1 + 0)
-7
What is the value of -3 - ((1 - 0) + (24 + -57 - -11))?
18
Calculate -2 - 1 - -2 - (-19 + 16 + -2).
4
What is -8 + (8 - 0 - (-3 + -11 - -18))?
-4
What is 14 + (2 + 21 - 26)?
11
Calculate (-230 - -231) + (-1 + 1 - 15).
-14
Calculate 8 - (-9 + 2 + 24).
-9
Evaluate (26 - 29 - -16) + 15.
28
(5 - 18) + 8 - (0 + -9)
4
What is -3 - -2 - (2 - (-13 - -7))?
-9
What is the value of -5 - 0 - (15 - 15)?
-5
Calculate -7 + -8 - (2 - 15) - -32.
30
Calculate -33 - (-209 + 219 - (19 - 1)).
-25
Evaluate 20 - 20 - 5 - 3.
-8
Evaluate 4 + 5 - (14 + 13 - 9) - -7.
-2
Evaluate 2 - (-5 - -3) - (6 - (-23 + 31)).
6
What is 14 - (-13 + -17 + (-7 - -49))?
2
Calculate 272 - 261 - (3 + 6 + -3).
5
Evaluate -5 + (-7 - -23) + 0.
11
Calculate -30 - ((-20 - 2) + 9).
-17
Calculate 8 + -1 - (1015 + -1027).
19
What is the value of (8 - (-13 - -10)) + (12 - 6)?
17
Calculate -14 + 1 + (5 - 1) + -2 + 1.
-10
Calculate 8 + -7 + (6 - 0) + (10 - 12).
5
What is 2 + -3 - 10 - 1?
-12
What is the value of 20 - (3 + 29 + 4)?
-16
(3 - -5) + 0 + -2 + (-7 - 6)
-7
Calculate (-1 - -19) + -2 + 8 + 3.
27
Evaluate -20 + (8 - (30 - -9)) + 17.
-34
What is (7 - 7) + -41 + -12 + 22?
-31
Evaluate (-18 - -36) + (7 - 2) + -2.
21
Evaluate -17 - ((-18 - -7) + 4).
-10
What is -9 + 4 + 12 + -12?
-5
What is 1 - (4 + 0) - (44 + (24 - 70))?
-1
What is the value of 0 - (-11 + (9 - -22) + -10)?
-10
Evaluate -1 - (-15 + -37 + 40 + (0 - 0)).
11
Calculate 49 + -11 - 82 - (-7 + 1).
-38
What is 24 + 1 + (-195 - -171)?
1
What is 6 - (7 + (-2 - 18 - -10 - 7))?
16
15 - (34 + -16) - (-1 + -3 + -1)
2
20 + 16 + -21 + -4
11
What is the value of 2 - (1 - (6 + -14 + 12 - -1))?
6
2 + -11 + (-21 - -27) + 2
-1
Evaluate (-3 - (10 + -20 - (-7 + 0))) + 16.
16
What is -4 + (3 - -3) + (-3 - -9) + -14?
-6
-2 + -3 - (-65 - -58)
2
Evaluate 12 - -9 - (-7 + 20) - (-2 + -16).
26
9 + (-9 - (10 + -13))
3
(15 - -17 - 30) + -10 + 1
-7
What is the value of (1 - (1 + -1)) + -156 + 162?
7
What is -27 + 27 + 34 + -2?
32
What is the value of 0 - -26 - ((-30 - -3) + 30)?
23
Evaluate -17 - (15 + -19 + -9).
-4
8 - ((-18 - -2) + (5 - -3))
16
Evaluate -34 + 28 + 16 + (0 - 5).
5
(-7 - -11) + -4 + 0 - (-4 - -1)
3
What is -31 + (12 - 6) - 5?
-30
What is 3 + -4 - ((-1 - 2) + (14 - 10))?
-2
Calculate -2 - (-4 + 0 + -1) - (0 - 11).
14
Calculate 5 + (-16 + 12 - -4) - 31.
-26
What is the value of 3 + -7 - (8 + 0) - -12?
0
Evaluate 3725 + -3738 - (1 + -2 - 4).
-8
What is (5 - -6) + 8 + -14?
5
Calculate -7 + 1 + -2 + -212 + 225.
5
What is 7 - ((12 - -2) + -13 + -6)?
12
7 + (-1 - -1) + (-48 - -53)
12
What is (-886 - -902) + (-1 - -2) + -9?
8
Evaluate -22 - (-8 - (8 - (7 - 1))).
-12
Calculate 4 + (-11 - 2 - (-132 - -109)).
14
Evaluate (-2 + 14 - 16) + (-4 - (-2 - -3)).
-9
Evaluate (3 - 17 - (-7 - 13)) + -31.
-25
What is -408 + 406 - (1 - (2 + -1) - 1)?
-1
What is the value of 2 + (14 - (10 + 2 + -1))?
5
(-23 - -18 - -5) + (-1 - 10)
-11
Evaluate -6 + -4 + (1 - -6) + 4.
1
What is the value of 22 + (-35 - -10) + (-19 - 0)?
-22
-14 - -4 - (3 - (41 + -18))
10
-23 + (5 - -6) + -2
-14
12 - (26 + -14 + -1)
1
-10 - -10 - (10 + 3 - 1)
-12
What is 1 - (3 + 3 + -2 - -2) - -3?
-2
What is 25 + -16 + -7 + (0 - -4)?
6
Evaluate (2 + -1 - 2) + (-5 - (-1 - 2)).
-3
(20 - 35) + (2 - -1)
-12
Calculate ((8 - 1) + (-7 - -11) - 6) + -9.
-4
Evaluate -1 + (-16 - 4) + -12 - (-10 + 1).
-24
Calculate -64 + 65 - (-1 + (-2 - -10) + -2).
-4
Calculate 0 - ((2 + -6 - 4) + -1).
9
Calculate -13 - -10 - ((3 + 3 - 12) + 0).
3
What is the value of -6 + (-2 - (4 + -2 + -9 - 9))?
8
-51 - -47 - (-4 - (-2 + -1)) - 7
-10
Calculate (-1 - 9) + (-2 - 1) - (43 - 51).
-5
What is -27 + 38 + (-3 - 6 - 4)?
-2
Calculate (-10 - (-13 - -12)) + 0.
-9
Calculate (0 - 0) + -33 + -1 + 7.
-27
Evaluate 5 - (-9 + 20) - -14.
8
What is the value of 11 + (2 + 10 - (60 - 53))?
16
What is the value of -26 + 9 + (32 - -4)?
19
What is the value of -13 + 20 - (-8 + (-3 + 4 - -49))?
-35
What is 2 - (14 - -24) - -13 - (-7 - -2)?
-18
What is the value of (9 - 0) + 24 + -20 + 13?
26
What is 6 + -4 + (-1 - 0 - (11 - 20))?
10
What is (-6 - (3 - 6)) + (10 - 3)?
4
What is 3 - (-8 + -2 - -15)?
-2
What is the value of -2 + 2 + 46 + 0 + -12?
34
Evaluate 24 - (-6 + (-3 + 1 - 2) + 16).
18
What is the value of 15 - (-11 + 13 - (5 + 1)) - 4?
15
What is (9 - 15) + -3 + 2?
-7
Calculate -9 + -22 - -53 - -2.
24
Calculate 2 - (1 + -2 - 39 - -16).
26
Calculate 4 + -1 - (10 + (-3 - 5)).
1
What is the value of (0 - ((17 - (4 + 0)) + -6))